6
What is the tens digit of (50/(-4))/(-1*(-4)/(-5272))?
7
Suppose 184 = 15*n - 13*n. Let t = 95 - n. Suppose -c + 56 = -2*d, -4*c + t*d - 4*d + 179 = 0. What is the units digit of c?
6
Suppose 2*o = 6*o - 684. Suppose -9*h - o = -423. Let m = h + 20. What is the tens digit of m?
4
Suppose 72 = -2*o + 1384. Let t be (-18 + (-1102)/(-57))/((-6)/(-9)). Suppose -520 = -4*y - t*l, 9*l - o = -5*y + 8*l. What is the hundreds digit of y?
1
Suppose -4*h + 167408 = 4*z, 19*h - 18*h = 5*z + 41810. What is the thousands digit of h?
1
Let a(z) = 77*z**2 - 73*z + 576. What is the units digit of a(8)?
0
Let p be -2 + (3 + -1 - 120). Let d be ((-8)/(-5))/((-48)/p). Suppose 82 - 358 = -4*f - 4*n, -2*f = d*n - 132. What is the units digit of f?
2
Let f(q) = 23*q + 8. Let p(o) = 1. Let u be (-2 + 0)*(-1*2)/(-4). Let d(w) = u*f(w) - 5*p(w). What is the units digit of d(-7)?
8
Let y be (6 - 10 - -9) + 188. Suppose 6412 = 197*v - y*v. What is the thousands digit of v?
1
Let t = 4663 - 1378. What is the units digit of t?
5
Let f = 138 - 136. What is the hundreds digit of ((-1210)/(-77))/(3*f/42)?
1
Let u be 46/14 + (24/(-21))/4. Suppose 8*k - 15 = u*k. Suppose 3*t = -k*h + 142 - 1, -h - 125 = -3*t. What is the units digit of t?
3
Let v(c) = 5368*c**3 - 2*c**2 - 3*c + 5. What is the thousands digit of v(1)?
5
Let o(f) = f**2 - 5*f - 7. Let d be o(12). Suppose 2*v - 2614 = d*l - 80*l, 0 = v - 2*l - 1300. What is the units digit of v?
4
Suppose 295*x - 291*x = 188664. What is the tens digit of x?
6
Let t = -2770 - -1915. Let v = -448 - t. What is the hundreds digit of v?
4
Let l = 12249 - 793. What is the units digit of l?
6
Let l(z) = -5*z**2 + 12*z**2 - 12*z**2 + 0*z + z**3 + 24 + z. What is the hundreds digit of l(7)?
1
Let j = -136 + 134. What is the units digit of 25/50 - 237/j?
9
Let k = 22515 - 13958. What is the hundreds digit of k?
5
Suppose 1994*s - 2002*s = -95816. What is the hundreds digit of s?
9
Suppose 4 - 4 = -5*d. Suppose 3*h - 556 + 121 = d. Suppose -h = 8*a - 9*a. What is the units digit of a?
5
What is the tens digit of 9483192/432 - 7/(-6)?
5
Suppose -3*b = 5*t + 16, -126*t + 131*t = -b - 12. Let g(d) = -6*d - 4*d + 2 - 4*d. What is the units digit of g(t)?
0
Let m = 183 - 187. What is the hundreds digit of (-6083)/(-55) - m/10?
1
Let y be (295/3)/(3/9). Suppose 3*z = -y + 40. What is the units digit of (z/10)/(3/(-18))?
1
Let p(k) = 8*k**2 - 690*k - 4. What is the thousands digit of p(-15)?
2
Let k(t) = -5694*t**3 - t**2 + 30*t + 52. What is the units digit of k(-2)?
0
Let t = 7557 - 5239. What is the thousands digit of t?
2
Let y be 2/(-4)*(-13300 + -18) + -3. Suppose -y = 7*j - 23*j. What is the units digit of j?
6
Suppose 3*x = -2*g - 3*g - 42, -2*x - 3*g - 29 = 0. Let i(b) = 1 - 150*b + 1 + 2 + 147*b + 0. What is the units digit of i(x)?
1
What is the thousands digit of (-19 - -7510) + 6*((-3)/1 + 2)?
7
Suppose 3*u = 11 - 23. What is the hundreds digit of 289 - 6/(-6)*u?
2
Let v(q) be the first derivative of q**2/2 + 3*q - 11. Let z be v(-7). Let o(p) = -p**3 + 5*p**2 - p - 1. What is the hundreds digit of o(z)?
1
Suppose -4*p = 4*q - 35 + 11, 2*p - 7 = 3*q. Let c be 1584/p - (114/30 + -4). Let b = -201 + c. What is the tens digit of b?
1
Let y(i) = 3*i**3 + 6*i**2 - 297. Let a(z) = 4*z**3 + 8*z**2 - z - 297. Let n(d) = 2*a(d) - 3*y(d). What is the units digit of n(0)?
7
Suppose k - 2271 - 1191 = -4*x, -20*x = -3*k - 17358. What is the tens digit of x?
6
Suppose k - 3*f = 10, 6*f + 8 = 2*f. Suppose -k*g = -0*g - 540. What is the hundreds digit of g?
1
Suppose -5*m = -38052 + 1102. What is the thousands digit of m?
7
Let m(i) = -94*i**3 - 9*i**2 - 34*i - 12. What is the thousands digit of m(-3)?
2
Suppose 19*z - 4*i + 390 = 20*z, 2*i = -3*z + 1200. Let x(t) = -t + 3. Let p be x(-4). Suppose 1543 = p*k + z. What is the units digit of k?
3
Let k(g) = -3*g**3 + 23*g**2 - 72*g - 401. What is the thousands digit of k(-28)?
5
Let l(j) = -25*j**2 + j + 9920. What is the hundreds digit of l(0)?
9
Let u = -19 + -52. Let l = 41 + u. What is the tens digit of (-42)/(l/(-9) - 4)?
6
Let a = 21646 + -15356. Suppose -47*v + 10*v = -a. What is the hundreds digit of v?
1
Suppose -5*u = -900 - 2685. Suppose -1611 = -12*w + u. What is the hundreds digit of w?
1
Let h(l) = -16*l - 16. Suppose -3*p + 7 = 13. Let d be (-119)/(-56)*p + (-1)/(-4). What is the tens digit of h(d)?
4
What is the tens digit of (43 - 33)*(-54804)/10*(-1)/2?
0
Suppose -10*x = 3*x - 9880. Let w = 179 + x. What is the units digit of w?
9
Let m(c) = -6*c + 60. Let o(s) = -13*s + 40. Let q(n) = 6*n - 20. Let w(z) = 4*o(z) + 9*q(z). Let r(a) = 3*m(a) + 8*w(a). What is the tens digit of r(-13)?
4
Let p be (-2)/7 + 2/(-28)*-46. Suppose -p*m = -2*t - m + 1554, 3*t + m = 2343. Suppose 7*a - 494 = t. What is the hundreds digit of a?
1
Suppose -6537 = -11*k + 9886. Let y = k + 38. What is the hundreds digit of y?
5
Let q(n) = -71*n**3 - 8*n**2 - 41*n - 1. What is the hundreds digit of q(-6)?
2
Let w = 244 - 226. Suppose 0 = -w*f + 4105 + 2987. What is the hundreds digit of f?
3
Suppose 0*z = -24*z + 6*z + 751752. What is the hundreds digit of z?
7
Suppose 783 = -95*q + 96*q + w, -2*q - 4*w = -1560. What is the units digit of q?
6
Suppose -24*g + 100*g - 785778 + 252942 = 0. What is the hundreds digit of g?
0
Let k(j) = 2*j**3 - 7*j**2 + 5*j + 8. Let l be k(3). Suppose l*w = 17*w - 735. What is the units digit of w?
5
Let z(g) = 2*g + 24. Let x be z(-14). Let i = 1 + x. What is the tens digit of 5852/35 + i/15?
6
Suppose -w + 882 = -625. Suppose -6*k = -w - 1013. What is the tens digit of k?
2
Suppose 3*j - 196 = 6*j - 4*m, -5*m + 20 = 0. Let k = j + 166. Let s = k - 43. What is the tens digit of s?
6
Let d(c) = -8*c - 2. Let f be d(-1). Let v(r) = f*r**2 - 3*r**2 - 4*r + 6*r - 1 + 14*r**2. What is the tens digit of v(2)?
7
Let x be ((-22)/(-10) - 1)/(171/1140). Suppose 27*w - 190 = x*w. What is the units digit of w?
0
Let q(w) = 53*w + 67. Let o be q(2). Let f = o - -120. What is the tens digit of f?
9
Let p be (-1 + 206/(-4))*-2. Suppose -p*l = -113*l + 2144. What is the tens digit of l?
6
Let m(r) = -9*r**2 - 2*r - 11. Let s(x) = x + 5. Let g be s(-10). Let i be m(g). What is the units digit of (-1 - 1)/(-6) + i/(-6)?
8
Suppose 40 = -2*u - 2*u. Let h be (-7214)/u + 2/(-20)*4. Suppose -7*r + h = 7. What is the units digit of r?
2
Let n = -85 - -80. Let y be (-5)/(-50)*n - 49/(-2). Let z(o) = 6*o - 18. What is the hundreds digit of z(y)?
1
Let d(y) = -5*y**2 - 55*y + 18. Let t be d(-17). Let w = t + 1321. What is the hundreds digit of w?
8
Suppose 9*f + 32 = 13*f. Suppose -2 = -f*u - 138. Let v = 72 - u. What is the tens digit of v?
8
Let q = 540 - 98. Let p = q - 334. What is the tens digit of p?
0
Let w = 31068 - 22132. What is the tens digit of w?
3
Suppose -3*q = -1292 + 239. Suppose 5*f - c - 513 = 1262, c = f - q. What is the tens digit of f?
5
Let h(l) = -l**3 - 18*l**2 + 29*l + 33. Let m be ((-10)/(-1))/(6/24*-2). What is the units digit of h(m)?
3
Suppose 4*f - 4096 = -4*g, 23*f + g = 21*f + 2049. What is the units digit of f?
5
Suppose 14*b - a + 163504 = 17*b, 5*a - 272490 = -5*b. What is the units digit of b?
3
Suppose 0 = 4*r + 8, 3*t - 3*r + 2 = 8. Let s(a) = 4*a - 9. Let f be s(t). What is the units digit of f + 5 + (1 - -74)?
1
Let b be ((-40)/(-16))/((-25)/(-20)). What is the units digit of 415*12/(-15)*b*-2?
8
Let r(l) = -22*l - 1. Let s(w) = w**2 + w + 1. Let v(k) = r(k) + s(k). What is the tens digit of v(24)?
7
Suppose 32*l - 31*l = 5*f - 57189, 2*l = 4*f - 45756. What is the ten thousands digit of f?
1
Let m(y) = 9*y + 8. Let p(h) = -4*h - 4. Let v(o) = -3*m(o) - 5*p(o). Let k(z) = 15*z + 8. Let u(w) = 4*k(w) + 7*v(w). What is the tens digit of u(4)?
4
Suppose -93*u - 16*u + 2813275 = 106*u. What is the hundreds digit of u?
0
Let t(o) = 20*o - 405*o**3 + 3 + 1 - 20*o - 1 - 5*o**2. What is the units digit of t(-1)?
3
Let h = 334 - -86. Suppose -h = 2*i - 6*i. Suppose -2*f + 153 + i = 0. What is the units digit of f?
9
What is the thousands digit of (12 - (-243)/(-27))/((-3)/67746*-3)?
2
Let r = -16 - -22. Suppose -n - b - 1134 = -r*n, 3*b - 230 = -n. What is the units digit of n?
7
Let o be 330/5*(-5)/(5/(-1)). Suppose 2*s = 6*s + 12. What is the units digit of 44/o + (-1)/